{"id":99,"date":"2018-12-01T21:53:41","date_gmt":"2018-12-01T20:53:41","guid":{"rendered":"http:\/\/bobleydjembedance.de\/wpbob\/?page_id=99"},"modified":"2020-03-03T20:05:45","modified_gmt":"2020-03-03T19:05:45","slug":"aktuelle-workshops-und-termine","status":"publish","type":"page","link":"https:\/\/bobleydjembedance.de\/wpbob\/aktuelle-workshops-und-termine\/","title":{"rendered":"Aktuelle Workshops und Termine"},"content":{"rendered":"<h1>Tanzworkshop Afrikanischer Tanz<\/h1>\n<p><img data-recalc-dims=\"1\" loading=\"lazy\" decoding=\"async\" data-attachment-id=\"200\" data-permalink=\"https:\/\/bobleydjembedance.de\/wpbob\/aktuelle-workshops-und-termine\/afrikanischertanz1\/\" data-orig-file=\"https:\/\/i0.wp.com\/bobleydjembedance.de\/wpbob\/wp-content\/uploads\/2020\/03\/AfrikanischerTanz1.jpg?fit=686%2C960&amp;ssl=1\" data-orig-size=\"686,960\" data-comments-opened=\"1\" data-image-meta=\"{&quot;aperture&quot;:&quot;0&quot;,&quot;credit&quot;:&quot;&quot;,&quot;camera&quot;:&quot;&quot;,&quot;caption&quot;:&quot;&quot;,&quot;created_timestamp&quot;:&quot;0&quot;,&quot;copyright&quot;:&quot;&quot;,&quot;focal_length&quot;:&quot;0&quot;,&quot;iso&quot;:&quot;0&quot;,&quot;shutter_speed&quot;:&quot;0&quot;,&quot;title&quot;:&quot;&quot;,&quot;orientation&quot;:&quot;0&quot;}\" data-image-title=\"AfrikanischerTanz1\" data-image-description=\"\" data-image-caption=\"\" data-large-file=\"https:\/\/i0.wp.com\/bobleydjembedance.de\/wpbob\/wp-content\/uploads\/2020\/03\/AfrikanischerTanz1.jpg?fit=525%2C735&amp;ssl=1\" class=\"alignnone wp-image-200 size-full\" src=\"https:\/\/i0.wp.com\/bobleydjembedance.de\/wpbob\/wp-content\/uploads\/2020\/03\/AfrikanischerTanz1.jpg?resize=525%2C735\" alt=\"\" width=\"525\" height=\"735\" srcset=\"https:\/\/i0.wp.com\/bobleydjembedance.de\/wpbob\/wp-content\/uploads\/2020\/03\/AfrikanischerTanz1.jpg?w=686&amp;ssl=1 686w, https:\/\/i0.wp.com\/bobleydjembedance.de\/wpbob\/wp-content\/uploads\/2020\/03\/AfrikanischerTanz1.jpg?resize=214%2C300&amp;ssl=1 214w\" sizes=\"auto, (max-width: 525px) 100vw, 525px\" \/><\/p>\n<p><img data-recalc-dims=\"1\" loading=\"lazy\" decoding=\"async\" data-attachment-id=\"201\" data-permalink=\"https:\/\/bobleydjembedance.de\/wpbob\/aktuelle-workshops-und-termine\/afrikanischertanz2\/\" data-orig-file=\"https:\/\/i0.wp.com\/bobleydjembedance.de\/wpbob\/wp-content\/uploads\/2020\/03\/AfrikanischerTanz2.jpg?fit=680%2C960&amp;ssl=1\" data-orig-size=\"680,960\" data-comments-opened=\"1\" data-image-meta=\"{&quot;aperture&quot;:&quot;0&quot;,&quot;credit&quot;:&quot;&quot;,&quot;camera&quot;:&quot;&quot;,&quot;caption&quot;:&quot;&quot;,&quot;created_timestamp&quot;:&quot;0&quot;,&quot;copyright&quot;:&quot;&quot;,&quot;focal_length&quot;:&quot;0&quot;,&quot;iso&quot;:&quot;0&quot;,&quot;shutter_speed&quot;:&quot;0&quot;,&quot;title&quot;:&quot;&quot;,&quot;orientation&quot;:&quot;0&quot;}\" data-image-title=\"AfrikanischerTanz2\" data-image-description=\"\" data-image-caption=\"\" data-large-file=\"https:\/\/i0.wp.com\/bobleydjembedance.de\/wpbob\/wp-content\/uploads\/2020\/03\/AfrikanischerTanz2.jpg?fit=525%2C741&amp;ssl=1\" class=\"alignnone wp-image-201 size-full\" src=\"https:\/\/i0.wp.com\/bobleydjembedance.de\/wpbob\/wp-content\/uploads\/2020\/03\/AfrikanischerTanz2.jpg?resize=525%2C741\" alt=\"\" width=\"525\" height=\"741\" srcset=\"https:\/\/i0.wp.com\/bobleydjembedance.de\/wpbob\/wp-content\/uploads\/2020\/03\/AfrikanischerTanz2.jpg?w=680&amp;ssl=1 680w, https:\/\/i0.wp.com\/bobleydjembedance.de\/wpbob\/wp-content\/uploads\/2020\/03\/AfrikanischerTanz2.jpg?resize=213%2C300&amp;ssl=1 213w\" sizes=\"auto, (max-width: 525px) 100vw, 525px\" \/><\/p>\n<p>Tanzworkshop Afrikanischer Tanz<br \/>\n(mit Live-Percussion)<br \/>\nDozent: Ibrahima (Bobley) Camara<br \/>\nMusik erleben nicht nur durch zuh\u00f6ren, sondern mit dem ganzen K\u00f6rper-das bietet afrikanischer Tanz! Das ehemalige Mitglied des Nationalballett Guinea, Ibrahima Camara (Bobley) ist Choreograf, Profit\u00e4nzer, Animateur, und Trommellehrer f\u00fcr westafrikanische T\u00e4nze und bietet hier im Trommelpalast am 1. und 3. Sonntag jeden Monats (ab Februar) einen Tanzworkshop f\u00fcr Anf\u00e4nger und Fortgeschrittene an. Afrikanische T\u00e4nze sind temperamentvoll, explosiv und ausdrucksstark. Sie geben viel Energie, ein gutes K\u00f6rpergef\u00fchl, st\u00e4rken Muskulatur, Haltung und Ausdauer.<br \/>\nBegleitet werden die T\u00e4nze von Trommlern, wobei T\u00e4nzer und Trommler eng miteinander verbunden sind und kommunizieren. Dieser Kurs startet heute auch als fortlaufender Kurs. (Termin: 1. und 3.Sonntag im Monat)<\/p>\n<p>Uhrzeit: 12 \u2013 14 Uhr<br \/>\nKosten: 25 \u20ac (f\u00fcr Studenten 15 \u20ac)<\/p>\n<p>Anmeldung: <a href=\"mailto:dirk@trommelpalast.de\">dirk@trommelpalast.de<\/a> \/ <a href=\"mailto:ibrahimabobley@yahoo.de\">ibrahimabobley@yahoo.de<\/a><\/p>\n<h1>Laufende Afrikanische Percussion-Kurse<\/h1>\n<p>Music Academy Frankenthal<\/p>\n<p>Johann-Klein-Stra\u00dfe 22<br \/>\n67227 Frankenthal<\/p>\n<p>Dienstags 18:30-20:00 Uhr (Einsteiger)<br \/>\nDienstags 20:00-21:30 Uhr (Fortgeschrittene I): Tolon Kadi<br \/>\nFreitags 14:15-15:00 (Thunder Drummers, Jugendliche ab 10 Jahren bei Hanna He\u00df)<\/p>\n","protected":false},"excerpt":{"rendered":"<p>Tanzworkshop Afrikanischer Tanz Tanzworkshop Afrikanischer Tanz (mit Live-Percussion) Dozent: Ibrahima (Bobley) Camara Musik erleben nicht nur durch zuh\u00f6ren, sondern mit dem ganzen K\u00f6rper-das bietet afrikanischer Tanz! Das ehemalige Mitglied des Nationalballett Guinea, Ibrahima Camara (Bobley) ist Choreograf, Profit\u00e4nzer, Animateur, und Trommellehrer f\u00fcr westafrikanische T\u00e4nze und bietet hier im Trommelpalast am 1. und 3. Sonntag jeden &hellip; <\/p>\n<p class=\"link-more\"><a href=\"https:\/\/bobleydjembedance.de\/wpbob\/aktuelle-workshops-und-termine\/\" class=\"more-link\"><span class=\"screen-reader-text\">\u201eAktuelle Workshops und Termine\u201c <\/span>weiterlesen<\/a><\/p>\n","protected":false},"author":2,"featured_media":0,"parent":0,"menu_order":0,"comment_status":"closed","ping_status":"closed","template":"","meta":{"jetpack_post_was_ever_published":false,"footnotes":""},"class_list":["post-99","page","type-page","status-publish","hentry"],"jetpack_sharing_enabled":true,"jetpack_shortlink":"https:\/\/wp.me\/Pamfc4-1B","jetpack-related-posts":[],"_links":{"self":[{"href":"https:\/\/bobleydjembedance.de\/wpbob\/wp-json\/wp\/v2\/pages\/99","targetHints":{"allow":["GET"]}}],"collection":[{"href":"https:\/\/bobleydjembedance.de\/wpbob\/wp-json\/wp\/v2\/pages"}],"about":[{"href":"https:\/\/bobleydjembedance.de\/wpbob\/wp-json\/wp\/v2\/types\/page"}],"author":[{"embeddable":true,"href":"https:\/\/bobleydjembedance.de\/wpbob\/wp-json\/wp\/v2\/users\/2"}],"replies":[{"embeddable":true,"href":"https:\/\/bobleydjembedance.de\/wpbob\/wp-json\/wp\/v2\/comments?post=99"}],"version-history":[{"count":11,"href":"https:\/\/bobleydjembedance.de\/wpbob\/wp-json\/wp\/v2\/pages\/99\/revisions"}],"predecessor-version":[{"id":203,"href":"https:\/\/bobleydjembedance.de\/wpbob\/wp-json\/wp\/v2\/pages\/99\/revisions\/203"}],"wp:attachment":[{"href":"https:\/\/bobleydjembedance.de\/wpbob\/wp-json\/wp\/v2\/media?parent=99"}],"curies":[{"name":"wp","href":"https:\/\/api.w.org\/{rel}","templated":true}]}}